 + 6*r - 84 = 0. What is the tens digit of g(r)?
2
Let p = -40 + 65. Let c(h) = -h + 22. Let r be c(p). Let f = 50 + r. What is the tens digit of f?
4
Suppose -3*a - 1 - 10 = -2*h, -a = -3*h - 8. What is the units digit of (-26)/(-10)*(-1015)/a?
7
Let j(k) = 264*k**2 - 14*k + 17. What is the units digit of j(-7)?
1
Let x = -491 - -391. Suppose -5*b - 868 = 107. Let m = x - b. What is the units digit of m?
5
What is the thousands digit of 28*1*619 - 0/(-428)?
7
Let u be (7 - 3) + (1 - 0). Suppose -48*h + 270 = -18*h. Let j = h - u. What is the units digit of j?
4
What is the hundreds digit of ((-5)/(-70) + 4713/(-126))*-6*288?
5
Let j be 1/(100/35 + (2 - 5)). Let h be 1/j + 50148/(-196). Let n = h - -542. What is the hundreds digit of n?
2
Let w = 19 + -54. Suppose x = -4*x + 5*h + 210, 0 = -4*h. Let i = x + w. What is the units digit of i?
7
Let k(c) = -147*c + 2424. What is the ten thousands digit of k(-53)?
1
Let n = 10816 + -4866. What is the hundreds digit of n?
9
Let z = -51 + 140. Let d = z + -41. Suppose 0 - 2 = 2*f, -3*f = -5*t + d. What is the units digit of t?
9
Suppose z = -p + 81787, 5*p + 75295 = 3*z + 484246. What is the ten thousands digit of p?
8
Let s(z) = -5*z**3 + 8*z**2 - 32*z + 39. Let v(r) = -11*r**3 + 17*r**2 - 65*r + 79. Let x(y) = -9*s(y) + 4*v(y). What is the tens digit of x(10)?
4
Suppose 3*f = 5*f + 718. Suppose -37*x + 8860 + 10047 = 0. Let m = x + f. What is the hundreds digit of m?
1
Let w(o) = -o**2 - 375*o + 7869. What is the hundreds digit of w(0)?
8
What is the units digit of (12760 + -5 + 5 - 0) + -1?
9
Let g be 18/(-8)*(-1 - -13). Let r be (9/g)/((-1)/(-501)). Let u = -97 - r. What is the tens digit of u?
7
Let s = -59137 + 101320. What is the hundreds digit of s?
1
Let n(i) = 3*i - 340. Let w be n(7). Let b = 734 + w. What is the tens digit of b?
1
Let o(v) = 181*v + 47 + 26*v + 50. What is the units digit of o(7)?
6
Let q be 4/(-42) + (-520)/(-168). Suppose q*t - 4347 = -3*s, -10*s + 7*s + 4327 = -2*t. What is the units digit of s?
5
Let c(r) = -9*r**2 + r - 2. Let f(j) = -9*j**2 - 2. Let n(w) = -4*c(w) + 3*f(w). What is the tens digit of n(7)?
1
Let i(n) be the third derivative of -33*n**4/8 + n**3/2 + 48*n**2. What is the hundreds digit of i(-1)?
1
Suppose -2*j = -5*j. Suppose r - 396 = -4*s + 5*r, 3*r = j. Suppose 419 = 5*k + s. What is the units digit of k?
4
Let h(r) = r**2 - 17*r - 136. Let q be h(23). Suppose -o - a = -476, 0 = -q*o + 7*o - 3*a - 2340. What is the hundreds digit of o?
4
Suppose 5*z = -20, -3*z = v + 6*v - 226480. What is the tens digit of v?
5
Let b be 1/(3/(-6)) - -30. Let y = -17 + b. What is the tens digit of (11 + 1)/(-10 + y)?
1
What is the thousands digit of 206022/42 - (-20)/(-35)*(-4)/(-8)?
4
Let h = -28 - -8. Let j = -15 - h. Suppose -4*p - 1046 = -j*o, 5*p - 845 = 4*o - 8*o. What is the units digit of o?
0
Let w(o) = 97*o - 11. Let x be w(1). Let s = 44 + -107. Let i = s + x. What is the units digit of i?
3
Suppose -5*r - 407 - 2978 = 0. Let l = 1613 + r. What is the hundreds digit of l?
9
Let m = 2421 - 499. Suppose w + m = 4*c, 6*c - 3*w = 3*c + 1437. What is the hundreds digit of c?
4
Let l = -14007 - -45628. What is the hundreds digit of l?
6
Suppose 121808 = -2822*m + 2845*m. What is the thousands digit of m?
5
Let a(s) = 30*s**2 - 45*s + 137. What is the units digit of a(11)?
2
Suppose -1 = 4*o - 145. Let h = 1012 - 932. Let y = h - o. What is the tens digit of y?
4
Let w = -18707 - -35606. What is the ten thousands digit of w?
1
Let p(y) = -41*y**3 + 16*y**2 - 20*y - 247. What is the tens digit of p(-7)?
4
Suppose -5*h + 7 = 3*u - 2, h + 5*u = 15. Suppose -3*o + h*o = 0. What is the tens digit of o/3 + 0 - -53?
5
Let f = -24475 - -37862. What is the thousands digit of f?
3
Let w = 399 - 392. Suppose 0 = w*p - 5668 + 1811. What is the tens digit of p?
5
Suppose -4*v - 7856 = -4*s, 5894 = s + 2*s - v. Suppose -52*a = -57*a + s. What is the units digit of a?
3
Suppose -3*n + 129 = -r + 3*r, -4*n + 172 = -4*r. Suppose 4*a - 7 = -n. What is the units digit of (-283)/(-3) + 12/a?
3
Suppose 7*z = z + 12. Suppose 4*m = 7*m - z*o - 3861, 1279 = m + 2*o. What is the thousands digit of m?
1
Let a = -144 - -148. Suppose -a*n = 3*c - 2*n - 53, 3*c = 4*n + 65. What is the tens digit of c?
1
Let q(b) = b**3 - 12*b**2 - 26*b + 243. What is the tens digit of q(28)?
5
Let h(v) = 4*v**3 + 14*v**2 + 57*v - 489. What is the units digit of h(12)?
3
Suppose -7*y + 159429 = 22038 - 41438. What is the thousands digit of y?
5
Let o(j) = 6*j**2 + j + 5. Suppose 4*b - 52 = -3*c - 9, -3*c + 31 = b. Let n = -6 + c. What is the units digit of o(n)?
2
Let q(m) be the first derivative of -m**4/4 + 13*m**3/3 - 5*m**2 - 22*m - 19. Let s be q(12). What is the tens digit of 160/s - (7 - 5)?
7
Let m(b) be the third derivative of b**4/8 + 4*b**3/3 - 16*b**2. Let s be m(-2). Suppose 2*q - 56 - s = 0. What is the units digit of q?
9
Let x = -396 + 673. Suppose -11 = -4*n + 9. Suppose 3*a + u = 175, -n*a + 2*u = -0*u - x. What is the tens digit of a?
5
What is the thousands digit of 16185 - -12*(-80)/64?
6
Suppose 0 = -3*d + 39 - 42. What is the tens digit of (-3519)/12*d/((-24)/(-64))?
8
Suppose -3*o - 3 + 6 = 3*i, -o = -4*i + 19. Suppose 5*y - 856 = -i*r, -25*y + 20*y - 5*r = -860. What is the units digit of y?
8
Let o(s) = 4*s**2 - 21*s + 7. Let f = -368 - -384. What is the units digit of o(f)?
5
Let u = 227 - 77. Let m = -93 + u. What is the units digit of m?
7
Let t(m) = -11*m - 99. Let p be t(-9). Suppose 23*q - 2622 - 2277 = p. What is the tens digit of q?
1
Let c(r) = 14*r + 1. Let k be c(-9). Let a = k - -129. What is the tens digit of 33*(1/2)/(2/a)?
3
Let w(m) = 33 + 2*m**2 + 14*m - 2*m - 25*m. What is the units digit of w(19)?
8
Let z(c) = 10*c**3 + 7*c**2 - 16*c + 34. Let x be z(6). Let k = 101 + -56. What is the tens digit of 2/(-9) + x/k?
5
Let w = 27395 - 11591. What is the ten thousands digit of w?
1
Let w(z) = 29*z - 48. Let f be w(6). Let l = 37 + f. What is the tens digit of l?
6
Let g(n) = 1383*n**2 - 638*n + 1921. What is the thousands digit of g(3)?
2
Let r(z) = -4*z - 6. Let w be 1/1*5*(1 - 0). Suppose -2*a + a - w*y = 14, -70 = 5*a + 2*y. What is the units digit of r(a)?
0
Suppose a - 1 = 5*m, m - 28 + 9 = 5*a. Let u(g) = 2*g**3 + 24*g**2 - 17*g - 30. Let q be u(-12). What is the tens digit of 3 + -4 + (q - a)?
7
Let v(r) = -3*r**3 - 8*r**2 - r - 139. What is the units digit of v(-12)?
5
Let t(s) = -567*s**2 - 66*s - 129. Let l(y) = -188*y**2 - 22*y - 43. Let p(j) = 8*l(j) - 3*t(j). What is the units digit of p(-2)?
7
Suppose -w - 6810 = -3*n, -4544 = -3*n + n + 2*w. Suppose 13*x - d = 9*x + 2263, 3*d = 4*x - n. Suppose -14*j + 401 = -x. What is the units digit of j?
9
Suppose 2*z = s - 5*s + 7108, 0 = 2*s + 4*z - 3566. What is the units digit of s?
5
What is the thousands digit of -1*10*(-3 - 8371)*(-5)/(-20)?
0
Let u(q) = -q**2 + 3*q + 10. Let y be u(10). What is the tens digit of (y/(-40))/((-3)/(-184))?
9
Let i be 3 + (0 - 2/(-2)). Let j be 31/(-1302)*-28 - (-196)/3. Suppose 3*f + 2*n + j = i*f, -214 = -4*f - 2*n. What is the tens digit of f?
5
Let r(n) = -13*n + 24. Let b be r(9). Let y = b - -389. Suppose 2*q - y = -2*q. What is the tens digit of q?
7
Let x(q) = 3*q**2 + 7*q - 15. Let t be (26/(-39))/((-4)/54). What is the units digit of x(t)?
1
Let d(k) = -2*k**3 - 24*k**2 + 39*k + 15. Let n be d(-13). What is the tens digit of (1450/11)/1 + (-28)/n?
3
Suppose 1175 = 17*f + 155. Let g be 86/(-3)*f/(-40). Let a = g - -72. What is the units digit of a?
5
Let i = 125068 - 72958. What is the thousands digit of i?
2
Suppose 0 = 2*w + p - 92706, -24 = -196*p + 192*p. What is the units digit of w?
0
Let p(g) = 264*g + 20. Let y be p(-10). Let f = -1834 - y. What is the units digit of f?
6
What is the units digit of (45654/(-49))/((-6)/28 + 0)?
8
Suppose -3*l - 2*u + 12 = u, -2*l = 3*u - 7. Suppose 407 = d - j, -l*j = -5 - 15. Let c = -251 + d. What is the hundreds digit of c?
1
Suppose 3*u + 5*u = 48. Suppose -3*o + 18 = u*o. Suppose o*d = d + 7. What is the units digit of d?
7
Let y(q) = q**2 + 7*q + 7. Let p be y(-7). Let f be (45/6)/(-5)*20/(-6). Suppose -4*v - 9 = p, -v = -f*h + 69. What is the tens digit of h?
1
Let u(h) = -5*h**3 - 23*h**2 - 6. Let y(r) = 6*r**3 + 25*r**